ate the greatest common factor of y and t.
46
Let y(m) = -m - 7. Let b be y(-5). Let r(g) = -19*g - 22. Let f be r(b). What is the greatest common factor of f and 576?
16
Let r = 1448 + -1427. Calculate the highest common divisor of 1323 and r.
21
Let x(b) = b. Let z = -24 + 24. Let c be x(z). Suppose 5*t + 177 - 601 = 4*h, t + 3*h - 100 = c. Calculate the highest common divisor of 8 and t.
8
Let r(i) = i**3 - 44*i**2 - 95*i - 54. Let z be r(46). Let w = -138 - z. Calculate the highest common divisor of w and 351.
27
Suppose -5*g = -5, -g + 3 = 3*c + 2*g. Let o = 8 + c. Let v be (-96 - (-12456)/132) + (-29)/(-11). Calculate the highest common divisor of o and v.
1
Suppose q - 4*q = -99. Suppose -51151 = -225*t + 5774. What is the greatest common factor of q and t?
11
Let r = 12 + 18. Let i(a) = -a**2 + 12*a - 8. Let b be i(11). Suppose -5*m - 2*n = -8 - 18, -5*n + 8 = b*m. Calculate the highest common factor of r and m.
6
Suppose -4*k + 2*y + 26 = 0, -32 = -2*k + 5*y + 1. Suppose 172 = k*f - 4*z - 0*z, -4 = 2*z. What is the greatest common factor of f and 41?
41
Suppose -3*m - 2*m = -150. Suppose -b + 2 = -m. Let p(o) = o**3 - 5*o**2 + 15*o - 36. Let l be p(4). What is the greatest common divisor of l and b?
8
Let h(q) = 83 - 34*q + 9*q + 10*q + 12*q. Let r be h(23). What is the greatest common factor of 2 and r?
2
Suppose 0 = -7*g + 1389 + 235. What is the highest common divisor of 1044 and g?
116
Let j be 1 + (2 - -1) + -1. Suppose 3*k + 12 = 0, -v + 8 = v - j*k. Let d be -3 + v*695/(-10). What is the greatest common factor of 17 and d?
17
Suppose -8*t = -t + 28. Let g be t/18 + (-290)/(-90). Suppose -2*c + 206 = g*c + 4*u, -4*c = -5*u - 132. Calculate the highest common divisor of 57 and c.
19
Let q = 12174 - 11811. What is the highest common divisor of 7018 and q?
121
Let b(a) = -1 + 68*a + 64*a + 11*a**2 - 2 - 189*a + 65*a. Let c be b(-7). Calculate the greatest common divisor of c and 60.
60
Let x(p) = 26*p + 1. Let s be x(4). Suppose -41*a - 336 = -49*a. Calculate the highest common factor of a and s.
21
Suppose 25*n - 71*n = -421 - 775. Calculate the highest common factor of 17368 and n.
26
Let l = 1279 - 1073. Calculate the highest common factor of 6 and l.
2
Let k be 277/2 - (-255)/170. Let n = 23 + 21. Suppose -4*u + k = n. What is the greatest common divisor of u and 16?
8
Suppose -5*h + i = -2472, -5*h + 2480 = -24*i + 19*i. Suppose 489*a + 720 = h*a. What is the highest common factor of 216 and a?
72
Let y be (-1 + -2)*228/(-9). Let g(m) = m**3 - 16*m**2 + 2*m + 6. Let u be g(16). Calculate the greatest common divisor of y and u.
38
Let m(p) = -p**2 + 14*p + 7. Let o be m(10). Let k be (-5 - (-3 - 4)) + o/1. Let x = k - -194. What is the highest common divisor of x and 27?
27
Let h be 481665/2364 - (-13)/4. Let w(s) = -s**3 + 7*s**2 - 2*s - 6. Let z be w(6). Calculate the greatest common divisor of h and z.
9
Suppose -4*v = -125 - 451. Suppose -1240 + 316 = -7*o. Let s = 148 - o. What is the highest common divisor of s and v?
16
Let y(u) = -2*u**3 + 56*u**2 + 410*u - 47. Let c be y(34). Calculate the greatest common factor of 497 and c.
7
Suppose 4*b - 20*t = -15*t + 64167, 2*b - 5*t = 32071. Suppose 26*g - b = -8*g. Calculate the greatest common factor of 16 and g.
8
Let h(t) = 2*t**3 + 19*t**2 - 11*t - 1. Let c = -37 + 27. Let p be h(c). What is the highest common divisor of p and 36?
9
Suppose 33*z = -113*z + 1397 + 1523. Calculate the highest common divisor of 28 and z.
4
Let h be (-2 + 2)/(-8 - -10). Suppose -2*l - 5189 = b, -2*l + h*b - 2*b - 5188 = 0. Let w be 7/(-28) - l/12. Calculate the greatest common divisor of 24 and w.
24
Suppose -4*k + 6 = -6. Suppose 30 = k*n + 2*n. Suppose -5*h - 4*v = -46, -2*h - 3*v - 33 = -5*h. What is the highest common divisor of n and h?
2
Suppose 74*o = -114*o + 35213 + 17427. What is the greatest common divisor of o and 4360?
40
Let c(y) = -17*y + 407. Let k be c(16). What is the greatest common factor of 129 and k?
3
Suppose 49309 - 339050 = -183*f - 1150. Calculate the highest common factor of f and 166.
83
Let x be (-372)/9 + (8/(-12))/(-2). Let s be 1 + (15 + 1)*3. Let f = s + x. Calculate the highest common factor of 64 and f.
8
Let r(q) = -24*q**2 - 69*q + 241. Let v(m) = -8*m**2 - 23*m + 80. Let b(z) = 4*r(z) - 13*v(z). Let o be b(4). What is the greatest common divisor of o and 64?
16
Suppose 2190*x = -5*p + 2195*x + 80, 0 = -4*p - 2*x + 58. Calculate the greatest common factor of p and 2055.
15
Let l be 3 + 1 - -78*1. Let d = l - 63. What is the highest common divisor of d and 323?
19
Let q = 345 + -324. Let b(y) = -y**2 + 28*y - 144. Let m be b(q). Let a(z) = -z + 27. Let c be a(0). Calculate the highest common factor of m and c.
3
Let x be (2/4)/(2/36). Let b = -197 + 223. Suppose 38 = 2*q + b. What is the greatest common divisor of q and x?
3
Let x(z) = 0*z**2 - z**2 + 7 - 7*z - 11. Let p be x(-6). Calculate the greatest common divisor of 38 and p.
2
Suppose -1653*n + 280 = -1649*n. Suppose -4*p + 700 = -1820. What is the highest common divisor of n and p?
70
Let q = 3390 + -3364. Calculate the greatest common divisor of q and 3133.
13
Let o = 224 - 120. Suppose -3*x + o = 2*h + 3*h, 0 = 3*x - 3*h - 72. What is the greatest common factor of 70 and x?
14
Let i(j) = -698*j + 19556. Let v be i(28). Suppose 2*g - 42 + 6 = 0. Calculate the greatest common factor of v and g.
6
Suppose -6 = 2*x - 12, 5*x + 29473 = f. What is the greatest common factor of 76 and f?
76
Let v be (23 - (-2 - -21)) + (36 - -1). Calculate the highest common factor of 328 and v.
41
Suppose 2*y - 5*k - 300 = 0, 3*y + 4*k = -2*y + 717. Suppose -167 = -12*o + y. Calculate the greatest common divisor of 221 and o.
13
Let h(n) = n**2 - 3*n - 7. Let q be h(0). Let z(g) = -7 - 9*g - g**3 + 7*g**2 + 2*g**3 - g**2. Let d be z(q). What is the highest common divisor of d and 21?
7
Let y = 22 + -22. Suppose 2*p - 256 = 4*c, 2*c - 168 - 88 = -2*p. Suppose y = 14*j - 18*j + p. Calculate the highest common divisor of j and 8.
8
Let o(q) = -q**2 + 62*q - 646. Let c be o(14). Suppose -k + 0*k + 787 = 0. Let g = k + -501. What is the greatest common factor of g and c?
26
Let q be (-30294)/(-216) - (-2 - -5)*8/(-32). Suppose -4*t - 143 + 1083 = 0. Calculate the highest common divisor of q and t.
47
Let x be (7 - 8) + -5 + ((-72)/8 - -28238). What is the highest common divisor of x and 169?
169
Let z = 591 - 9. Let s = z + -492. Calculate the highest common factor of 144 and s.
18
Let q be (-10)/(-3)*(2 + -8). Let n be 3/(q/16 + 2). Calculate the highest common factor of n and 32.
4
Suppose -2520 = -532*c + 448*c. Calculate the greatest common divisor of c and 7050.
30
Let y(r) = -2*r**3 - 15*r**2 + 6*r - 24. Let c be y(-8). Let n be (-1022)/c + (-18)/(-72). What is the greatest common divisor of n and 112?
16
Let o be (-76)/4 - (-83425)/25. What is the highest common divisor of 140 and o?
14
Suppose 7*l + 232 - 36 = 0. Let y = l + 68. Suppose 5*o - y = 5. What is the highest common divisor of o and 1?
1
Suppose -12 + 54 = -6*o. Let m be 4 - o/(7/9). What is the highest common divisor of m and 299?
13
Suppose 100*v = 48*v + 51*v + 808. What is the greatest common factor of v and 32?
8
Suppose 40026 = -14*b + 173586. What is the greatest common divisor of 90 and b?
90
Let s be (-411)/(-15) + (-11)/(165/6). Suppose z + 54 = 4*z. What is the greatest common factor of z and s?
9
Let k(s) = -38*s + 8675. Let n be k(-127). What is the greatest common factor of 46 and n?
23
Let z(s) = -s**2 + 27*s - 32. Let l be z(16). Suppose l = 5*p - 4*n, -2*n = -3*p - 0*n + 88. Let o = 1 + 11. What is the highest common divisor of o and p?
4
Suppose -a = -1, -11*l + 6*a - 7*a + 7063 = 0. What is the highest common divisor of 222 and l?
6
Let q be 1/(-3) - (-194)/6. Let m = -15 - -16. What is the greatest common divisor of q and m?
1
Let v be 818/15951 + 37/39. Let p be (-1*17)/((-1)/1). Calculate the greatest common divisor of p and v.
1
Suppose -5037 = -25*l + 6635 + 178. Calculate the highest common divisor of l and 48.
6
Let o = 20859 + -20808. Let b = -219 + 338. What is the highest common factor of b and o?
17
Let n = -5407 + 5419. What is the highest common divisor of 3162 and n?
6
Let p(b) = -b**2 - 11*b + 28. Let j be p(-13). Suppose